{"id":1016,"date":"2025-07-25T10:32:46","date_gmt":"2025-07-25T10:32:46","guid":{"rendered":"https:\/\/www.gercekkaravan.com\/index.php\/products-compare\/"},"modified":"2025-07-25T10:32:46","modified_gmt":"2025-07-25T10:32:46","slug":"products-compare","status":"publish","type":"page","link":"https:\/\/www.gercekkaravan.com\/index.php\/products-compare\/","title":{"rendered":"\u00dcr\u00fcnleri Kar\u015f\u0131la\u015ft\u0131r"},"content":{"rendered":"<div class=\"woocommerce xtra-compare xtra-icon-loading\" data-empty=\"Kar\u015f\u0131la\u015ft\u0131rma listeniz bo\u015f.\" data-nonce=\"bc7245b3e3\"><\/div>\n","protected":false},"excerpt":{"rendered":"","protected":false},"author":1,"featured_media":0,"parent":0,"menu_order":0,"comment_status":"closed","ping_status":"closed","template":"","meta":{"footnotes":""},"class_list":["post-1016","page","type-page","status-publish","hentry"],"_links":{"self":[{"href":"https:\/\/www.gercekkaravan.com\/index.php\/wp-json\/wp\/v2\/pages\/1016","targetHints":{"allow":["GET"]}}],"collection":[{"href":"https:\/\/www.gercekkaravan.com\/index.php\/wp-json\/wp\/v2\/pages"}],"about":[{"href":"https:\/\/www.gercekkaravan.com\/index.php\/wp-json\/wp\/v2\/types\/page"}],"author":[{"embeddable":true,"href":"https:\/\/www.gercekkaravan.com\/index.php\/wp-json\/wp\/v2\/users\/1"}],"replies":[{"embeddable":true,"href":"https:\/\/www.gercekkaravan.com\/index.php\/wp-json\/wp\/v2\/comments?post=1016"}],"version-history":[{"count":0,"href":"https:\/\/www.gercekkaravan.com\/index.php\/wp-json\/wp\/v2\/pages\/1016\/revisions"}],"wp:attachment":[{"href":"https:\/\/www.gercekkaravan.com\/index.php\/wp-json\/wp\/v2\/media?parent=1016"}],"curies":[{"name":"wp","href":"https:\/\/api.w.org\/{rel}","templated":true}]}}